Let a(n) = -n + 1. Let h(w) = 4*w**2 - 3*w + 4. Let z(c) = u*h(c) + 5*a(c). Let x(m) = m + 8. Let y be x(-10). What is z(y)?
-11
Let d = 76 + -80. Let o(x) be the second derivative of -x**4/12 - x**2/2 - 3*x - 3. Calculate o(d).
-17
Let a(t) be the third derivative of t**6/120 - t**5/20 + t**4/24 - t**3/6 - 12*t**2 - 11*t. Let g be (-3)/(-2) - 3/(-2). Give a(g).
2
Let v(r) = r**2 - 9*r - 13. Let a = -394 - -404. Give v(a).
-3
Let c(u) = -4*u - 2. Let y = 331 - 335. Calculate c(y).
14
Suppose 3*c = -n - 1 + 13, 5*n = -4*c + 27. Let b be (-6 + c)/3 - -3. Suppose -b*t + 2*p = -4*t, -24 = -4*t + 2*p. Let j(m) = -2*m - 2. What is j(t)?
-10
Let w(f) = f**3 - 3*f**2 + 6*f - 2. Let d(p) = -74*p**2 + 296*p + 4. Let t be d(4). What is w(t)?
38
Let h be (36/(-63))/((-2)/7). Let m = h + -7. Let x(k) = -k**2 - 3*k + 7. Let l(b) = -b - 1. Let a(i) = -3*l(i) - x(i). Determine a(m).
-9
Let q(d) = d**3 - 12*d**2 - 11*d + 3. Let y be q(13). Let f = y - 35. Let x(a) = a**2 + 5*a + 5. Give x(f).
11
Suppose 4*m = 2*g - 1 + 31, -6 = -3*m. Let q = g + 15. Suppose 4*b = 5*n + 21, -q*n = -b + 3*b + 22. Let h(z) = -z + 1. Calculate h(n).
6
Let d be (4/(-8))/((-3)/12). Let r(n) = -2 + n**3 - 2*n - 2*n**2 + 5 - 4*n**2 + 4*n**d. Calculate r(2).
-1
Suppose 2*r - 4*p - 28 = 0, 2*r - 3*r + p + 9 = 0. Let n(f) = -13 - 5*f + r*f + 0. Suppose 40 = -4*d - 4*v, 3 = -d - 4*v - 19. Calculate n(d).
-7
Let h(g) = -19*g - 21. Let s(m) = 3*m + 1. Let v(z) = h(z) + 6*s(z). Determine v(0).
-15
Let p(k) = 7*k**2 - 11*k - 17. Let v(x) = -x**2 + 1 - x**2 - 5*x - 9 + 5*x**2. Let q(a) = 2*p(a) - 5*v(a). Let r = -1 + 6. Calculate q(r).
-4
Let b(s) = -s - 1. Let c be b(-3). Let h(g) = 11 - 3 - 14 + g**2 + 5. Calculate h(c).
3
Let o(p) be the third derivative of -13*p**5/60 - p**4/8 + 2*p**3/3 - 535*p**2. Calculate o(1).
-12
Let t(h) = -129*h + 5. Let w be t(0). Let a(x) be the first derivative of 4*x**2 - w*x - 1/3*x**3 + 8. Determine a(8).
-5
Suppose k - 5*j = 16, 1 = -4*k - 2*j - 23. Let z(d) = d**2 - 3*d - 3. Give z(k).
25
Let y(f) = -11*f**2 + 1. Let q = -12 - -29. Let p(u) = -32*u**2 + 3. Let o(w) = q*y(w) - 6*p(w). Let z = 4 + -3. Calculate o(z).
4
Suppose 3*g - x - 29 = 4*x, g = -4*x - 13. Let m be g*(4/(-4) + 2). Let k(v) = -v**2 + 2 - 2*v**3 - m*v**2 + 5*v**2. Determine k(2).
-10
Let u(m) be the first derivative of -5*m**4/4 - m - 387. Determine u(-1).
4
Let k(d) = -15*d - 1. Let s(l) be the third derivative of l**4/24 - 11*l**3/6 - 4*l**2. Let y be s(12). Give k(y).
-16
Suppose -3*x = -12 + 3. Suppose 3*y = x + 12. Let a(p) = p**2 - 4*p. Give a(y).
5
Let p = -13 + 14. Let j be 2 - (-1 + 1 - p). Let o(k) = 1 + k**2 - 4*k**3 + 2*k**2 + 3*k**3 - k**2. Determine o(j).
-8
Let n(z) = -7*z**3 - 6*z**2 - z. Let r(i) = -2*i**3 - i**2 + 1. Let y(v) = n(v) - 4*r(v). Let p = 12 + -9. Determine y(p).
2
Let k(r) = r**2 + 3*r - 2. Suppose -3*m + 2 = -4*y - 0, 5*y - 44 = -4*m. Suppose 2*s - 12 = -5*x, 4*s - m = -2*x + x. Determine k(x).
8
Suppose -4*m + 57 - 9 = -3*r, 0 = 2*m + 5*r + 2. Suppose -9 = 12*k - m*k. Let g(c) = 2*c**3 + 5*c**2 + 3*c + 2. Calculate g(k).
-16
Let n(f) be the third derivative of 3*f**4/4 - f**3/6 - 5*f**2 - 55. Give n(1).
17
Suppose 2*v = -2 + 26. Let s(p) = 3*p + v*p**2 - 14*p**2 - 2 + 6. What is s(4)?
-16
Let l be (-2)/4 + 994/28. Suppose 30 = -a + l. Let y be -1 + a/(-3 - -8). Let u(d) = d**2 - d + 7. Determine u(y).
7
Let o(i) = 2*i**2 + i - 1. Let z(c) = -c**3 + 13*c**2 + 14*c - 15. Let k(m) = 3*o(m) - z(m). Calculate k(8).
-12
Let a(u) = u**2 + u - 2*u - 4 + u**3 + u. Suppose 82*k = 85*k. What is a(k)?
-4
Let m be (-7)/14 + (-21)/(-2). Suppose -m = -5*t + 30. Let s(o) = -5*o + 5*o**2 - 4*o**2 + 0 - 2 + t. Calculate s(4).
2
Let b(k) = -1 + k**2 - 2 + 1 - 6*k. Suppose -m - 8 = 3*h - 25, 20 = 2*h + 5*m. What is b(h)?
-7
Let u = -4 + 7. Let m(d) = 4*d**3 + 2*d**2 - 1. Let b be m(1). Let l(c) = -b + 4 - 4*c**2 - 2*c + 0 + c**3 + 2*c**2. What is l(u)?
2
Suppose 7*x + 4 = 3*x. Let n be x*4*4/((-128)/(-40)). Let u(i) = -i**2 - 4*i + 4. Determine u(n).
-1
Let r(d) = -d**3 - 7*d**2 - 6*d + 6. Let j(a) = -5*a + 10. Let h be j(4). Let k be ((-8)/h)/((-18)/135). Give r(k).
6
Let f = -50 - -23. Let n = 26 + f. Let c be n/2*0/1. Let o(r) = r**2 - 5. Calculate o(c).
-5
Let z(x) = -x. Let q(o) = -o**3 - 8*o**2 - 12*o - 11. Let k(t) = q(t) - 3*z(t). Give k(-7).
3
Let f(t) = -4. Let h(p) = p - 9. Let n(w) = -14*f(w) + 6*h(w). Suppose 4*g + 6 = 5*v, 2*v - 4*g = -8*g - 20. Determine n(v).
-10
Suppose 9*w = 14*w + 55. Let t(a) = -a**3 + 4*a**2 - 2*a - 6. Let i(b) = -5*b**3 + 20*b**2 - 11*b - 31. Let c(s) = w*t(s) + 2*i(s). Determine c(3).
-5
Let l(p) be the third derivative of 0*p**3 - 1/720*p**6 - p**2 + 0 + 1/40*p**5 + 0*p + 1/12*p**4. Let n(g) be the second derivative of l(g). Give n(5).
-2
Suppose -5*s = 4*a + 7 - 2, 5*a + 3*s = 10. Suppose 2*r - 20 = -3*q, q + q + a*r - 28 = 0. Let p(f) = f**2 - 10 - f - q*f + 8. Calculate p(6).
4
Let o(a) = a**3 - a**2 + a + 7. Let x(m) = m - 1. Suppose -r - 1 = -4. Let b be x(r). Suppose 3*z - s = -5, -b*z - 10 = -0*z - 2*s. Calculate o(z).
7
Let a(r) be the first derivative of r**6/120 - r**5/10 + r**3/3 + 2*r**2 + 30. Let t(l) be the second derivative of a(l). Give t(5).
-23
Let u(s) = -s**2 - 7*s - 5. Let y be u(-5). Let h(p) = p**3 - 6*p**2 + 7*p - 6. Let t be h(y). Suppose -t*v - 1 = -3*v. Let j(c) = -14*c**2 + c. Calculate j(v).
-15
Let x(i) = 3*i**2 + 20*i - 2. Let m(j) = 4*j**2 + 22*j - 3. Let g(q) = -4*m(q) + 5*x(q). What is g(13)?
-11
Suppose 32 - 50 = -3*u. Let w(g) = 8*g**2 + u*g**2 - 3*g**2 + 11 - 12. Let h(q) = q - 4. Let y be h(5). Calculate w(y).
10
Let l = 13 - 8. Let c(j) = -2*j + l + 0*j + j. Give c(8).
-3
Suppose 8*t - 4*t = 0. Suppose -6*f + 8 + 28 = t. Let j(p) = p**2 - 3*p - 2. Give j(f).
16
Let h(k) be the third derivative of k**5/60 + k**4/24 - k**3/3 + 4*k**2. Suppose -2*g = g - 24. Suppose -3*t = 1 + g. Determine h(t).
4
Let o(l) = 24*l - 8. Let k(b) = -7*b + 3. Let h(w) = -11*k(w) - 4*o(w). What is h(-1)?
18
Suppose -25 = -8*c + 7. Let d(k) = -k**2 + 6*k - 17. Let o be d(c). Let p(y) = -y - 9. Give p(o).
0
Suppose -4*t + 64 = -52. Suppose -28*f = -t*f - 4. Let i(j) = -j**2 - 5*j + 2. Determine i(f).
6
Let o(v) = v**3 - 4*v - 7. Let j be o(-2). Let b(m) be the second derivative of -m**3/3 - 9*m**2/2 - 3*m. Determine b(j).
5
Let x(s) = s**2 - s - 1. Suppose 3*u + g + 357 = -2*g, g = u + 111. Let h = -113 - u. What is x(h)?
1
Let j(t) be the third derivative of -1/3*t**4 + 1/360*t**6 - 6*t**2 + 0*t + 0 + 0*t**3 - 1/120*t**5. Let h(r) be the second derivative of j(r). What is h(3)?
5
Suppose 0 = -5*h + 2*l - 23, -2*h + l + 16 = -5*h. Let c(j) = -j**2 - 5*j - 4. Give c(h).
-4
Let x = -336 + 340. Let p(j) = j**3 - 5*j**2 - 3*j - 2. Calculate p(x).
-30
Let y(l) be the first derivative of -l**4/24 - 7*l**3/6 + 10*l**2 - 3. Let f(z) be the second derivative of y(z). Calculate f(-3).
-4
Suppose 48 = -11*v - 84. Let f(z) = -z**3 - 12*z**2 - z - 8. What is f(v)?
4
Let h(c) = -c + 1. Let l(o) = -8*o**3 - 18*o**2 - 35*o + 20. Let r(v) = 3*v**3 + 6*v**2 + 12*v - 7. Let y(g) = -4*l(g) - 11*r(g). Let f be y(7). What is h(f)?
-3
Let q be 96/(-36)*(-3)/(-2). Let r(l) = 2*l + 2. Let y be r(q). Let i = y - -1. Let w(z) = -z**3 - 4*z**2 + 4*z + 4. Give w(i).
9
Suppose 4*l + 35 = 9*l. Let c(n) = l + 3*n - 10*n - 9 - n**3 + 6*n**2. Calculate c(5).
-12
Let k be -5 + 14/(-12) + (-5)/(-30). Let t(l) = l**2 + 6*l + 1. Give t(k).
1
Suppose -4 = -o - 2. Let s be (5/((-5)/o))/2. Let u be (-3)/(0 - 3) - s. Let t(p) = -3*p**2 + 4*p - 2. Determine t(u).
-6
Suppose -3*x - 5 = 3*b - 26, -5*b - 28 = -4*x. Let z(w) = -x*w + w**2 + 4*w - 5 + 5*w. What is z(-6)?
19
Let y(w) be the second derivative of 1/2*w**2 - 12*w - 1/6*w**3 + 0 - 1/12*w**4. Determine y(-3).
-5
Let d(m) = -m**2 + 7*m + 3. Let k be d(7). Let p(y) = 2*y**3 - 2*y**2 - y - 1. Let w(o) = -o**3 + 2*o - 3. Let q(u) = -p(u) - w(u). What is q(k)?
-8
Let b(z) = -5*z. Let v(r) = 4*r + 4. Let g be v(-3). Suppose -5*u - 10 + 53 = -2*c, -3*u + c + 26 = 0. Let p = u + g. Give b(p).
-5
Let i(u) = -27*u - 14 + 13*u + 11*u. Let p(j) = -j - 7. Let k(a) = 2*i(a) - 5*p(a). Calculate k(5).
2
Let g = 722 - 716. Let s(f) = -8*f + 2. Determine s(g).
-46
Let y(l) = l + 2. Let h be y(-2). Let t(q) be the second der